{"id":138,"date":"2024-03-15T10:28:10","date_gmt":"2024-03-15T09:28:10","guid":{"rendered":"https:\/\/adopcion.org\/?page_id=138"},"modified":"2024-03-15T10:28:10","modified_gmt":"2024-03-15T09:28:10","slug":"iv-renuncia-a-la-nacionalidad-rusa","status":"publish","type":"page","link":"https:\/\/adopcion.org\/index.php\/iv-renuncia-a-la-nacionalidad-rusa\/","title":{"rendered":"IV.- Renuncia a la nacionalidad rusa"},"content":{"rendered":"<p style=\"text-align: center;\" align=\"justify\"><strong>IV.- RENUNCIA A LA NACIONALIDAD RUSA<\/strong><\/p>\n<p align=\"justify\"><strong>LA NACIONALIDAD RUSA DE LAS PERSONAS ADOPTADAS POR FAMILIAS ESPA\u00d1OLAS Y LA RENUNCIA A LA NACIONALIDAD EN LA FEDERACI\u00d3N DE RUSIA.<\/strong><\/p>\n<p align=\"justify\">\n<p align=\"justify\"><img loading=\"lazy\" decoding=\"async\" class=\"size-full wp-image-139 alignleft\" src=\"https:\/\/adopcion.org\/wp-content\/uploads\/2024\/03\/pasaporte-ruso.jpg\" alt=\"pasaporte-ruso\" width=\"192\" height=\"277\" \/>\u00a0A lo largo de los a\u00f1os 2000 hasta el a\u00f1o 2014, la Federaci\u00f3n de Rusia era uno de los destinos principales de las solicitudes de adopci\u00f3n de las familias espa\u00f1olas<span style=\"color: #ff0000;\"><a style=\"color: #ff0000;\" href=\"#sdfootnote1sym\" name=\"sdfootnote1anc\">1<\/a><\/span>.<\/p>\n<p align=\"justify\">El procedimiento de adopci\u00f3n conclu\u00eda con la Sentencia de adopci\u00f3n y se le otorgaba un certificado de nacimiento nuevo con los datos de los padres adoptantes y un pasaporte. Una vez que se encontraban en Espa\u00f1a, los adoptantes asum\u00edan el compromiso de inscripci\u00f3n en el Consulado de la Federaci\u00f3n de Rusia del menor adoptado, ya fuera en Madrid o en Barcelona, dependiendo del lugar de residencia.<\/p>\n<p align=\"justify\">Todos los ni\u00f1os adoptados por ciudadanos espa\u00f1oles ostentan dos nacionalidades; por un lado, la espa\u00f1ola (de conformidad con el C\u00f3digo Civil art. 19.1 \u201cEl extranjero menor de dieciocho a\u00f1os adoptado por un espa\u00f1ol adquiere, desde la adopci\u00f3n, la nacionalidad espa\u00f1ola de origen\u201d) y la rusa (de conformidad con su Constituci\u00f3n art. 6). Decimos que ostentan dos nacionalidades (no doble nacionalidad, que es diferente), por atribuci\u00f3n de los dos pa\u00edses, bien por nacimiento y origen (ius sanguinis o ius soli) o bien por adopci\u00f3n (filiaci\u00f3n, como es el caso de Espa\u00f1a). Por lo tanto, las personas nacidas en Rusia y adoptadas por espa\u00f1oles ostentan nacionalidad m\u00faltiple, de los dos Estados, la de la Federaci\u00f3n de Rusia y la del Reino de Espa\u00f1a. Si la persona quiere renunciar a una de las dos nacionalidades tiene que hacerlo manifestando su voluntad y una vez que ha alcanzado la mayor\u00eda de edad, es decir, cuando tenga plena capacidad para emitir su voluntad. Existe un procedimiento especial para la renuncia de la nacionalidad de menores de edad; dependiendo de la edad del menor, deben ser o\u00eddos y prestar en todo caso su consentimiento por escrito y delante del funcionario consular ruso (menores de 14 a 17 a\u00f1os).<\/p>\n<p align=\"justify\">En el caso de conflictos de nacionalidad m\u00faltiples en el Derecho Internacional, rige el principio de efectividad, la nacionalidad que prevalece mediante la determinaci\u00f3n de la relaci\u00f3n aut\u00e9ntica y el pa\u00eds con el cual el v\u00ednculo es m\u00e1s efectivo (Sentencia del Tribunal Internacional de Justicia de 6 de abril de 1955 en el asunto Nottebohn). Entendemos que la vinculaci\u00f3n de los ni\u00f1os que han sido adoptados por una familia espa\u00f1ola se encuentra \u00edntimamente unida a Espa\u00f1a m\u00e1s que cualquier otro Estado, y es donde existe una conexi\u00f3n real entre el Estado y la persona a la que le ha atribuido la nacionalidad de origen por filiaci\u00f3n, por ser hijos de padres espa\u00f1oles, y sobre todo debido a que su hogar, su domicilio y residencia se encuentran en Espa\u00f1a, y son ciudadanos tambi\u00e9n de la Uni\u00f3n Europea.<\/p>\n<p align=\"justify\">El problema se presenta cuando la persona (mayor o menor de edad) pretende tomar contacto con el territorio nacional de otro Estado, pues al no existir la libre circulaci\u00f3n entre Espa\u00f1a y Rusia, tal como ocurre en el territorio Schengen, el dilema se presenta en relaci\u00f3n a los nacionales espa\u00f1oles, que requieren visado de entrada a Rusia, pa\u00eds del que, al mismo tiempo, ostentan su nacionalidad. Todo nacional de un pa\u00eds tiene el derecho de entrar y fijar su residencia si desea en el Estado de su nacionalidad, para lo cual debe disponer de su pasaporte y documentos de identidad plenamente vigentes.<\/p>\n<p align=\"justify\">La mayor\u00eda de los padres adoptantes espa\u00f1oles, durante la minor\u00eda de edad de sus hijos, por estad\u00edstica consular, una vez que ha caducado su pasaporte (cinco a\u00f1os) no proceden a solicitar su renovaci\u00f3n. Un ciudadano ruso no puede solicitar visado al Consulado de Rusia para entrar en ese pa\u00eds, no se le considera extranjero, por tal motivo no necesita visa para entrar a Rusia.<\/p>\n<p align=\"justify\">Para el Estado de la Federaci\u00f3n de Rusia, las personas adoptadas por extranjeros no pierden su nacionalidad, son rusos de pleno derecho, salvo que cuando lleguen a la mayor\u00eda de edad \u00e9stos renuncien de acuerdo a la normativa rusa de renuncia a la ciudadan\u00eda de la Federaci\u00f3n de Rusia.<\/p>\n<p align=\"justify\">Las personas adoptadas de origen ruso que no han renovado su pasaporte tienen que hacerlo, pero al haber transcurrido mucho tiempo desde su caducidad, el Consulado pide a su Ministerio la confirmaci\u00f3n de la nacionalidad, no es autom\u00e1tico, dado que es preciso que lo verifique en Mosc\u00fa. Una vez, que confirmen que s\u00ed pueden renovar la nacionalidad y que pueden entrar con pasaporte ruso a Rusia, tambi\u00e9n deben cerciorarse de que puedan salir del pa\u00eds sin problema alguno. Al existir en Rusia fronteras interiores, a la salida de Rusia puede que le requieran una autorizaci\u00f3n gubernamental y una vecindad y empadronamiento.<\/p>\n<p align=\"justify\"><img loading=\"lazy\" decoding=\"async\" class=\"alignnone  wp-image-140\" src=\"https:\/\/adopcion.org\/wp-content\/uploads\/2024\/03\/ruso-1-300x199.jpg\" alt=\"ruso\" width=\"556\" height=\"369\" srcset=\"https:\/\/adopcion.org\/wp-content\/uploads\/2024\/03\/ruso-1-300x199.jpg 300w, https:\/\/adopcion.org\/wp-content\/uploads\/2024\/03\/ruso-1-1024x681.jpg 1024w, https:\/\/adopcion.org\/wp-content\/uploads\/2024\/03\/ruso-1-768x511.jpg 768w, https:\/\/adopcion.org\/wp-content\/uploads\/2024\/03\/ruso-1.jpg 1280w\" sizes=\"auto, (max-width: 556px) 100vw, 556px\" \/><\/p>\n<p align=\"justify\"><strong>LA RENUNCIA A LA NACIONALIDAD RUSA.<\/strong><\/p>\n<p align=\"justify\">El C\u00f3digo Civil de la Federaci\u00f3n de Rusia permite a un ruso perder su nacionalidad mediante una manifestaci\u00f3n expresa de voluntad. El renunciante tiene que someterse a un proceso, pero es necesario que el renunciante ostente o haya adquirido antes otra nacionalidad distinta, para no convertirse en un ap\u00e1trida.<\/p>\n<p align=\"justify\"><span style=\"color: #993300;\"><em><strong>La Constituci\u00f3n de la Federaci\u00f3n de Rusia<\/strong>, aprobada por votaci\u00f3n popular el 12 de diciembre de 1993, con enmiendas aprobadas por votaci\u00f3n de toda Rusia el 1 de julio de 2020, prescribe lo siguiente:<\/em><\/span><\/p>\n<p align=\"justify\"><span style=\"color: #993300;\"><em><strong>Art\u00edculo 6<\/strong> <\/em><\/span><\/p>\n<p align=\"justify\"><span style=\"color: #993300;\"><em>1. La ciudadan\u00eda en la Federaci\u00f3n Rusa debe ser adquirida y terminada de acuerdo con la Ley Federal, y deber\u00e1 ser \u00fanica y equitativa, independientemente de la base de su adquisici\u00f3n. <\/em><\/span><\/p>\n<p align=\"justify\"><span style=\"color: #993300;\"><em>2. Todo ciudadano de la Federaci\u00f3n Rusa goza de todos los derechos y libertades en su territorio y tiene iguales obligaciones estipuladas en la Constituci\u00f3n de la Federaci\u00f3n Rusa. <\/em><\/span><\/p>\n<p align=\"justify\"><span style=\"color: #993300;\"><em>3. El ciudadano de la Federaci\u00f3n Rusa no puede ser privado de su ciudadan\u00eda o del derecho a cambiarla.<\/em><\/span><\/p>\n<p align=\"justify\"><strong><span style=\"color: #993300;\"><em>Art\u00edculo 62<\/em><\/span><\/strong><\/p>\n<p align=\"justify\"><span style=\"color: #993300;\"><em>1. Un ciudadano de la Federaci\u00f3n Rusa puede tener ciudadan\u00eda de un estado extranjero (doble ciudadan\u00eda) de acuerdo con la ley federal o un tratado internacional de la Federaci\u00f3n Rusa.<\/em><\/span><\/p>\n<p align=\"justify\"><span style=\"color: #993300;\"><em>2. La posesi\u00f3n de ciudadan\u00eda extranjera por parte de un ciudadano de la Federaci\u00f3n Rusa ser\u00e1 no disminuir\u00e1 sus derechos y libertades y no lo eximir\u00e1 de las obligaciones estipuladas para la ciudadan\u00eda rusa, a menos que se especifique lo contrario por la ley federal o un tratado internacional de la Federaci\u00f3n Rusa.<\/em><\/span><\/p>\n<p align=\"justify\">Espa\u00f1a y Rusia no tienen suscrito ning\u00fan convenio de doble ciudadan\u00eda.<\/p>\n<p align=\"justify\"><em><span style=\"color: #993300;\">La Ley de la Federaci\u00f3n de Rusia sobre nacionalidad se encuentra regulada en la Ley Federal de Ciudadan\u00eda de 31 de mayo de 2002 N 62-FZ.<\/span><\/em><\/p>\n<p align=\"justify\"><em><span style=\"color: #993300;\">En su art\u00edculo 6.1 sobre La doble ciudadan\u00eda, indica lo siguiente:<\/span><\/em><\/p>\n<p align=\"justify\"><em><span style=\"color: #993300;\">La adquisici\u00f3n de un ciudadano ruso de otra nacionalidad no implica la terminaci\u00f3n de la ciudadan\u00eda de la Federaci\u00f3n de Rusia.<\/span><\/em><\/p>\n<p align=\"justify\"><em><span style=\"color: #993300;\">Los documentos que acreditan la ciudadan\u00eda de la Federaci\u00f3n de Rusia son: el pasaporte de la Federaci\u00f3n de Rusia o el documento de base que contenga una indicaci\u00f3n de la nacionalidad de la persona, as\u00ed como los documentos b\u00e1sicos de identidad de la Federaci\u00f3n de Rusia. <\/span><\/em><\/p>\n<p align=\"justify\"><em><span style=\"color: #993300;\">Una de las causas que es motivo de finalizaci\u00f3n de la ciudadan\u00eda rusa es la renuncia. La ley distingue si el ciudadano reside en la Federaci\u00f3n de Rusia o en un pa\u00eds extranjero. La Ley se\u00f1ala varios motivos para la denegaci\u00f3n de la renuncia de la ciudadan\u00eda de la Federaci\u00f3n de Rusia, siendo uno de ellos que no tenga otra ciudadan\u00eda o que no existan las garant\u00edas de su adquisici\u00f3n, con el fin de evitar situaciones de apatridia. <\/span><\/em><\/p>\n<p align=\"justify\"><em><span style=\"color: #993300;\">La Autoridad encargada de asuntos relativos a la Ciudadan\u00eda es el Presidente de la Federaci\u00f3n de Rusia (art. 20.1). Los \u00f3rganos ejecutivos federales (La Administraci\u00f3n) para canalizar la renuncia si la persona se encuentra en el extranjero es el encargado de los asuntos extranjeros y misiones diplom\u00e1ticas y consulares de la Federaci\u00f3n de Rusia fuera de la Federaci\u00f3n de Rusia.<\/span><\/em><\/p>\n<p align=\"justify\">Los \u00fanicos tratados internacionales de la Federaci\u00f3n de Rusia que contienen reglas relacionadas con la doble ciudadan\u00eda (de doble nacionalidad, lo que antes dec\u00edamos) son:<\/p>\n<ul>\n<li>\n<p align=\"justify\">Tratado entre la Federaci\u00f3n de Rusia y la Rep\u00fablica de Tayikist\u00e1n (1995)<\/p>\n<\/li>\n<li>\n<p align=\"justify\">Tratado entre la Federaci\u00f3n de Rusia y la Rep\u00fablica de Turkmenist\u00e1n (1993).<\/p>\n<\/li>\n<\/ul>\n<p align=\"justify\">Como la Federaci\u00f3n de Rusia es el Estado sucesor de la Uni\u00f3n Sovi\u00e9tica, algunos tratados sovi\u00e9ticos sobre doble ciudadan\u00eda todav\u00eda est\u00e1n en vigor. Por esta raz\u00f3n, est\u00e1 en vigor la Convenci\u00f3n sobre la Nacionalidad de la Mujer Casada, abierta a la firma y ratificada por la Asamblea General en su resoluci\u00f3n 1040 (XI), de 29 de enero de 1957, que entr\u00f3 en vigor el 11 de agosto de 1958.<\/p>\n<p align=\"justify\"><span style=\"color: #ff0000;\"><a style=\"color: #ff0000;\" href=\"#sdfootnote1anc\" name=\"sdfootnote1sym\">1<\/a> <\/span>Consulte los datos estad\u00edsticos sobre la adopci\u00f3n internacional del Ministerio de Sanidad y Pol\u00edtica Social.<\/p>\n<hr \/>\n<p align=\"justify\"><strong>Carlos Nina Deheza &#8211; karlosnina@gmail.com<\/strong><br \/>\n<strong>Es Abogado de Salamanca especialista en Derecho Internacional Privado, Derecho Administrativo y Sanitario.<\/strong><br \/>\n<strong>Miembro de la Red Iberoamericana de Despachos de Abogados.<\/strong><br \/>\n<strong>Contamos con un \u00c1rea espec\u00edfica de Derecho de la Federaci\u00f3n de Rusia y de los antiguos Estados de la C.I.E.<\/strong><\/p>\n<hr \/>\n<p><img loading=\"lazy\" decoding=\"async\" class=\" wp-image-141\" src=\"https:\/\/adopcion.org\/wp-content\/uploads\/2024\/03\/Captura-de-pantalla-de-2024-03-15-10-25-20-300x156.png\" alt=\"CC-BY-4.0-DEED\" width=\"187\" height=\"97\" srcset=\"https:\/\/adopcion.org\/wp-content\/uploads\/2024\/03\/Captura-de-pantalla-de-2024-03-15-10-25-20-300x156.png 300w, https:\/\/adopcion.org\/wp-content\/uploads\/2024\/03\/Captura-de-pantalla-de-2024-03-15-10-25-20.png 399w\" sizes=\"auto, (max-width: 187px) 100vw, 187px\" \/><\/p>\n<p align=\"justify\"><a href=\"https:\/\/creativecommons.org\/licenses\/by\/4.0\/deed.es\" target=\"_blank\" rel=\"noopener\">Licencia creative commons CC BY 4.0 Deed Attribucion 4.0 International:<\/a> queda permitida su reproducci\u00f3n total o parcial con tal que se cite al autor y la fuente.<\/p>\n","protected":false},"excerpt":{"rendered":"<p>IV.- RENUNCIA A LA NACIONALIDAD RUSA LA NACIONALIDAD RUSA DE LAS PERSONAS ADOPTADAS POR FAMILIAS ESPA\u00d1OLAS Y LA RENUNCIA A LA NACIONALIDAD EN LA FEDERACI\u00d3N DE RUSIA. \u00a0A lo largo de los a\u00f1os 2000 hasta el a\u00f1o 2014, la Federaci\u00f3n de Rusia era uno de los destinos principales de las solicitudes de adopci\u00f3n de las &hellip; <\/p>\n<p class=\"link-more\"><a href=\"https:\/\/adopcion.org\/index.php\/iv-renuncia-a-la-nacionalidad-rusa\/\" class=\"more-link\">Continuar leyendo<span class=\"screen-reader-text\"> \u00abIV.- Renuncia a la nacionalidad rusa\u00bb<\/span><\/a><\/p>\n","protected":false},"author":1,"featured_media":0,"parent":0,"menu_order":0,"comment_status":"closed","ping_status":"closed","template":"","meta":{"footnotes":""},"class_list":["post-138","page","type-page","status-publish","hentry"],"_links":{"self":[{"href":"https:\/\/adopcion.org\/index.php\/wp-json\/wp\/v2\/pages\/138","targetHints":{"allow":["GET"]}}],"collection":[{"href":"https:\/\/adopcion.org\/index.php\/wp-json\/wp\/v2\/pages"}],"about":[{"href":"https:\/\/adopcion.org\/index.php\/wp-json\/wp\/v2\/types\/page"}],"author":[{"embeddable":true,"href":"https:\/\/adopcion.org\/index.php\/wp-json\/wp\/v2\/users\/1"}],"replies":[{"embeddable":true,"href":"https:\/\/adopcion.org\/index.php\/wp-json\/wp\/v2\/comments?post=138"}],"version-history":[{"count":1,"href":"https:\/\/adopcion.org\/index.php\/wp-json\/wp\/v2\/pages\/138\/revisions"}],"predecessor-version":[{"id":142,"href":"https:\/\/adopcion.org\/index.php\/wp-json\/wp\/v2\/pages\/138\/revisions\/142"}],"wp:attachment":[{"href":"https:\/\/adopcion.org\/index.php\/wp-json\/wp\/v2\/media?parent=138"}],"curies":[{"name":"wp","href":"https:\/\/api.w.org\/{rel}","templated":true}]}}